{"id":98,"date":"2023-06-07T17:11:49","date_gmt":"2023-06-07T17:11:49","guid":{"rendered":"https:\/\/robetorr.com\/index.php\/faqs\/"},"modified":"2023-08-01T15:50:24","modified_gmt":"2023-08-01T15:50:24","slug":"faqs","status":"publish","type":"page","link":"https:\/\/robetorr.com\/index.php\/faqs\/","title":{"rendered":"FAQ&#8217;s"},"content":{"rendered":"<h3><strong>\u00bfC\u00d3MO PUEDO REALIZAR UNA COMPRA DE TU PRODUCTO?<\/strong><\/h3>\n<p>Comun\u00edcate conmigo, acordamos los t\u00e9rminos, condiciones, precio total del proyecto y requerimientos necesarios, la siguiente etapa ser\u00eda la de desarrollo del producto y luego de que apruebes el producto terminado, te suministro las v\u00edas de pago, estas pueden ser a trav\u00e9s de:<\/p>\n<ul>\n<li>PayPal<\/li>\n<li>Transferencia bancaria<\/li>\n<li>Pago m\u00f3vil<\/li>\n<\/ul>\n<h3><strong>\u00bfTU PRODUCTO SE PUEDE ADAPTAR A MIS NECESIDADES?<\/strong><\/h3>\n<p>Por supuesto, antes de comenzar desarrollar y durante la etapa de desarrollo, t\u00fa debes guiarme e indicarme como deseas que funcione tu producto.<\/p>\n<h3><strong>\u00bfLUEGO DE LA COMPRA PUEDO SOLICITAR CAMBIOS EN EL PRODUCTO?<\/strong><\/h3>\n<p>Si puedes solicitar cambios, se te har\u00eda un cargo adicional por cada cambio que le hagas al producto luego de haberse culminado y entregado<\/p>\n<h3><strong>\u00bfCU\u00c1NTO CUESTA CADA SERVICIO QUE ME OFRECE ESTE SITIO?<\/strong><\/h3>\n<p>Las tarifas se pueden negociar antes de iniciar pero yo considerar\u00eda que los precios pr mis servicios estar\u00edan en los siguientes rangos:<\/p>\n<ul>\n<li>Sistemas de informaci\u00f3n: Entre $300 y $500<\/li>\n<li>Dise\u00f1o de Base de Datos: entre $100 y $300<\/li>\n<li>Landing entre $50 y $100<\/li>\n<li>Logos entre $40 y $60<\/li>\n<li>Blogs entre $100 y $150<\/li>\n<\/ul>\n<h3><strong>\u00bfOFRECES SERVICIO DE ALOJAMIENTO O HOSTING?<\/strong><\/h3>\n<p><strong>\u00a0<\/strong>Si, Podemos acordar el alojamiento y nombre de dominio (me encargar\u00eda de gestionar y configurar esos detalles) y se te cobrar\u00eda una tarifa mensual por mantenimiento.<\/p>\n<h3><strong>\u00bfACEPTAR\u00cdAS UN ACUERDO DE CONFIDENCIALIDAD Y NO DIVULGACI\u00d3N ANTES DE INICIAR EL DESARROLLO DE UN PRODUCTO?<\/strong><\/h3>\n<p>Si, te puedo firmar el acuerdo legal de no divulgaci\u00f3n que tu desees.<\/p>\n<h3><strong>\u00bfCU\u00c1NTAS PERSONAS EST\u00c1N INVOLUCRADAS EN EL DESARROLLO DE UN PRODUCTO?<\/strong><\/h3>\n<ul>\n<li>Soy desarrollador independiente, todo el contenido y el material desarrollado en este sitio y los subdominios derivados de \u00e9l, son de mi total y absoluta autor\u00eda. Y as\u00ed ser\u00e1 con tu producto, en caso de poner en marcha el desarrollo tu proyecto.<\/li>\n<\/ul>\n","protected":false},"excerpt":{"rendered":"<p>\u00bfC\u00d3MO PUEDO REALIZAR UNA COMPRA DE TU PRODUCTO? Comun\u00edcate conmigo, acordamos los t\u00e9rminos, condiciones, precio total del proyecto y requerimientos necesarios, la siguiente etapa ser\u00eda la de desarrollo del producto y luego de que apruebes el producto terminado, te suministro las v\u00edas de pago, estas pueden ser a trav\u00e9s de: PayPal Transferencia bancaria Pago m\u00f3vil [&hellip;]<\/p>\n","protected":false},"author":1,"featured_media":0,"parent":0,"menu_order":0,"comment_status":"closed","ping_status":"closed","template":"","meta":[],"_links":{"self":[{"href":"https:\/\/robetorr.com\/index.php\/wp-json\/wp\/v2\/pages\/98"}],"collection":[{"href":"https:\/\/robetorr.com\/index.php\/wp-json\/wp\/v2\/pages"}],"about":[{"href":"https:\/\/robetorr.com\/index.php\/wp-json\/wp\/v2\/types\/page"}],"author":[{"embeddable":true,"href":"https:\/\/robetorr.com\/index.php\/wp-json\/wp\/v2\/users\/1"}],"replies":[{"embeddable":true,"href":"https:\/\/robetorr.com\/index.php\/wp-json\/wp\/v2\/comments?post=98"}],"version-history":[{"count":7,"href":"https:\/\/robetorr.com\/index.php\/wp-json\/wp\/v2\/pages\/98\/revisions"}],"predecessor-version":[{"id":157,"href":"https:\/\/robetorr.com\/index.php\/wp-json\/wp\/v2\/pages\/98\/revisions\/157"}],"wp:attachment":[{"href":"https:\/\/robetorr.com\/index.php\/wp-json\/wp\/v2\/media?parent=98"}],"curies":[{"name":"wp","href":"https:\/\/api.w.org\/{rel}","templated":true}]}}