{"id":93,"date":"2023-06-07T17:11:49","date_gmt":"2023-06-07T17:11:49","guid":{"rendered":"https:\/\/robetorr.com\/index.php\/diseno-de-base-de-datos\/"},"modified":"2023-08-09T14:22:41","modified_gmt":"2023-08-09T14:22:41","slug":"diseno-de-base-de-datos","status":"publish","type":"page","link":"https:\/\/robetorr.com\/index.php\/diseno-de-base-de-datos\/","title":{"rendered":"Dise\u00f1o de Base de Datos"},"content":{"rendered":"<h3><img decoding=\"async\" loading=\"lazy\" class=\"img-fluid mx-auto d-block aligncenter\" src=\"https:\/\/robetorr.com\/wp-content\/uploads\/2023\/08\/basededatos.jpg\" alt=\"Dise\u00f1o de Base de Datos\" width=\"613\" height=\"460\" \/><\/h3>\n<h2>\u00bfPara qu\u00e9 se necesita una base de datos?<\/h2>\n<p>Una base de datos tiene como prop\u00f3sito organizar y\u00a0centralizar la informaci\u00f3n de tu compa\u00f1\u00eda o proyecto. Te permite guardar los datos necesarios para hacer un estudio de la informaci\u00f3n y potenciar tus objetivos o metas.<\/p>\n<h2>\u00bfQue incluye el servicio de creaci\u00f3n de base de datos?<\/h2>\n<p>De ser necesario, hacemos un levantamiento de la informaci\u00f3n desde cero, en base a tus requerimientos para luego construir una base de datos en la que podr\u00e1s guardar y consultar la informaci\u00f3n relevante para tu empresa. Tambi\u00e9n te construimos todo el backend necesario para que puedas realizar las peticiones ingreso, modificaci\u00f3n eliminaci\u00f3n y consulta de datos en formato JSON, en otras palabras, te podemos construir un API para que puedas tener acceso a la informaci\u00f3n. (No incluye el frontend)<\/p>\n<p>Tambi\u00e9n incluye, la realizaci\u00f3n de un plan de mantenimiento a la base de datos existente en tu empresa, mejorando los niveles de seguridad y potenciando la rapidez con la que son procesados los datos cuando se trate de tablas con alta cantidad de registros guardados en ellas. Tambi\u00e9n se puede incluir un plan de respaldo de la base de datos como medida preventiva.<\/p>\n<h2>\u00bfCuales plataformas de base de datos?<\/h2>\n<p>Tengo amplia experiencia en las siguientes plataformas:<\/p>\n<ul>\n<li>Oracle<\/li>\n<li>Postgresql<\/li>\n<li>MySql<\/li>\n<li>SQL Server<\/li>\n<\/ul>\n","protected":false},"excerpt":{"rendered":"<p>\u00bfPara qu\u00e9 se necesita una base de datos? Una base de datos tiene como prop\u00f3sito organizar y\u00a0centralizar la informaci\u00f3n de tu compa\u00f1\u00eda o proyecto. Te permite guardar los datos necesarios para hacer un estudio de la informaci\u00f3n y potenciar tus objetivos o metas. \u00bfQue incluye el servicio de creaci\u00f3n de base de datos? De ser [&hellip;]<\/p>\n","protected":false},"author":1,"featured_media":0,"parent":0,"menu_order":0,"comment_status":"closed","ping_status":"closed","template":"","meta":[],"_links":{"self":[{"href":"https:\/\/robetorr.com\/index.php\/wp-json\/wp\/v2\/pages\/93"}],"collection":[{"href":"https:\/\/robetorr.com\/index.php\/wp-json\/wp\/v2\/pages"}],"about":[{"href":"https:\/\/robetorr.com\/index.php\/wp-json\/wp\/v2\/types\/page"}],"author":[{"embeddable":true,"href":"https:\/\/robetorr.com\/index.php\/wp-json\/wp\/v2\/users\/1"}],"replies":[{"embeddable":true,"href":"https:\/\/robetorr.com\/index.php\/wp-json\/wp\/v2\/comments?post=93"}],"version-history":[{"count":5,"href":"https:\/\/robetorr.com\/index.php\/wp-json\/wp\/v2\/pages\/93\/revisions"}],"predecessor-version":[{"id":179,"href":"https:\/\/robetorr.com\/index.php\/wp-json\/wp\/v2\/pages\/93\/revisions\/179"}],"wp:attachment":[{"href":"https:\/\/robetorr.com\/index.php\/wp-json\/wp\/v2\/media?parent=93"}],"curies":[{"name":"wp","href":"https:\/\/api.w.org\/{rel}","templated":true}]}}